4*t - 5. Suppose -10 = 13*x - 49. Calculate v(x).
-2
Let m(d) = 9*d + 5. Let w = -208 + 201. Calculate m(w).
-58
Let g(y) = 7*y + 19*y**2 + 14178*y**3 - 26*y + 21 - 14179*y**3. Give g(18).
3
Let a(y) = -4*y**2 - 2*y - 1. Let h = -28 - -14. Let d be 2*(h/(-4) + -4). Determine a(d).
-3
Suppose -13*b - 5 = 8. Let i be (-16)/(-6)*(b - 2). Let p(o) = -7*o - 9*o**2 + 6 - 5*o**3 + 3*o**3 + o**3. What is p(i)?
-2
Let m(o) = 7*o - 2. Let x(w) = -6*w. Let r(h) = 3*m(h) + 4*x(h). Calculate r(-4).
6
Suppose 3*t = t. Let h(m) be the first derivative of -m**4/12 + m**3/6 - 9*m**2/2 - m + 27. Let c(y) be the first derivative of h(y). Give c(t).
-9
Let z(q) be the second derivative of 1/20*q**5 - 4*q + 5/6*q**3 + 0 - 2*q**2 + 1/2*q**4. Determine z(-5).
-4
Let l(b) be the third derivative of -b**8/6720 - b**7/2520 - b**6/360 + b**5/120 + b**4/8 - 8*b**2. Let f(x) be the second derivative of l(x). What is f(-2)?
9
Let l(n) = 6*n**2 + 2006*n - 1001*n - 4 - 1006*n - 5*n**2. Determine l(8).
52
Let a be 4/7 + (-325)/91. Let c(t) = 2*t**3 + 2*t**2 + t + 4. Give c(a).
-35
Let h(j) = j - 701*j**2 + 350*j**2 + 352*j**2 + 24. Suppose -l = -5*f - 4*l - 12, 3*l + 12 = -3*f. Determine h(f).
24
Let t(u) = -u**2 - 20*u - 5. Let x be t(-20). Let d(b) = -b**2 - 3*b + 3. Calculate d(x).
-7
Let h(x) = -5*x**2 + x + 15. Let j = 12 - 11. Let d(r) = r**2 + r - 1. Let q(b) = j*h(b) + 6*d(b). Calculate q(-6).
3
Let i(u) = -u**2 + u - 7. Let o be 3*1/(3/2). Suppose o*k + w + 0 = 7, 3*k - 8 = -4*w. Let y(s) = 3*s - 12. Let z be y(k). Give i(z).
-7
Suppose 4*j + 60 = 68. Let q(y) = y**3 - 4*y**2 + 2*y + 1. Give q(j).
-3
Let r(k) = -5*k**2 - 9*k + 19. Let g(z) = -11*z**2 - 18*z + 39. Let h(i) = 6*g(i) - 13*r(i). Determine h(8).
-5
Let c(d) = 59*d - 31*d + 8 - 18*d**2 - 10*d**2 - 34*d + 30*d**2. What is c(4)?
16
Suppose -4*c + c = 5*v - 74, -3*v + 2*c + 33 = 0. Suppose -7 + 0 = -3*q - 5*p, -p - v = -3*q. Let h(j) = -q*j**2 - 4 + 4*j**2 + j**2. Calculate h(3).
5
Let i(n) = -n**3 + 5*n**2 + 2*n + 2. Let j(y) = 2*y**3 - 10*y**2 - 3*y - 4. Let l(d) = 13*i(d) + 6*j(d). Suppose 48 = -2*m + 10*m. Determine l(m).
14
Let k(c) = 2*c - 6. Let g(u) = u + 6. Let b be g(-6). Suppose -4*q = 3*j - 0*j - 22, 4*j - 5*q - 50 = 0. Let v be j + -4 - b/(-3). What is k(v)?
6
Let z be (0/1)/(-6 + 4). Suppose -m + u = -3, 0 = m - 4*u - z - 3. Let x(b) = 3*b**2 - 1 + 3*b**2 - 5*b**2 - m*b. Give x(5).
9
Let t(y) = 305*y - 5*y**2 - 305*y. Determine t(1).
-5
Let u(j) = -5*j + 3. Let m(o) = 11*o - 6. Let f(l) = -3*m(l) - 7*u(l). Let s be 16/8 - 12/(-2). Let t = s - 6. Determine f(t).
1
Let v(z) be the third derivative of z**5/30 + z**4/24 + 7*z**3/3 - 4*z**2. Let m(n) be the first derivative of v(n). Give m(-2).
-7
Let f(r) = r**3 + 8*r**2 + 14*r + 11. Let k be (-2)/(-8) - 200/32. Let q be f(k). Let w(u) = 2*u**3 + u**2. Determine w(q).
-1
Let x(v) = 2*v**2. Let z(w) = -w**3 - 2*w**2 + 2*w - 1. Let c be z(-3). Calculate x(c).
8
Let r(l) = -5*l**3 + l**2 + 0*l + 0*l + l + 2 + l. Determine r(-1).
6
Let z(h) = h**3 + 13*h**2 + 22*h + 14. Suppose 82*j - 66 = 88*j. Calculate z(j).
14
Let h(y) = -2 - 3*y + 2 + 1. Let c be ((-1)/3)/((-15)/90). Suppose 2*x = -m - 3, 2*m + 4 = -c*m - 4*x. Give h(m).
-2
Let c(o) = -5*o**2 + 13*o + 15. Let b(z) = -2*z**2 + z + 2. Let a(k) = 3*b(k) - c(k). Give a(-10).
-9
Let w be 2/5 - 13/(-5). Let r(c) = -6*c + 14. Let h(k) = -3*k + 8. Let t(f) = -5*h(f) + 3*r(f). Calculate t(w).
-7
Let t(a) be the second derivative of 7/12*a**4 + 0 - 3*a**2 + 1/20*a**5 + 5/6*a**3 - a. Let j be 14/21*(-9)/1. What is t(j)?
0
Let d(v) be the third derivative of -5*v**4/24 - v**3/6 + 3*v**2 - 8. What is d(1)?
-6
Let h(l) = l**3 + l**2 - l + 41. Let s be h(-4). Let p(m) = -7*m - 14. Determine p(s).
7
Let p(h) = 3*h - 38. Let j(z) = -z + 5. Let g(i) = 2*j(i) + p(i). What is g(24)?
-4
Suppose -8 = 68*v - 72*v. Let u(m) = -3*m**2 - 3*m + 3. Give u(v).
-15
Let l(a) = a - 27. Let i be -3 + 7*3/7. Determine l(i).
-27
Suppose 32 = -4*l - 2*z, 8*l = 13*l + z + 34. Let t(x) = -3*x - 4. Let h(i) = -6*i - 8. Let s(c) = -3*h(c) + 7*t(c). Calculate s(l).
14
Suppose q + b - 3 = 0, -2*q + 3*b = -0 + 19. Let n be (-10)/15 + (q - (-6)/9). Let y(w) = w. Let l(t) = 3*t - 2. Let j(u) = l(u) - 4*y(u). What is j(n)?
0
Let c(k) = -9*k**2 + 27*k - 8. Let t(z) = 10*z**2 - 23*z + 7. Let q(d) = -6*c(d) - 7*t(d). Determine q(-1).
-16
Let u(w) = -2*w - 6. Let x = 88 + -62. Let f = -33 + x. Give u(f).
8
Suppose 3*r - 6 = r. Let z = r - 0. Let v(b) = -3 + b + 2*b**2 - 2*b - 4*b**2 + 5*b**2 - b**3. What is v(z)?
-6
Let u(x) = x**2 - x + 2. Let v be u(0). Let h(g) = 2*g + v*g + 3*g + g. Let d(r) = r**2 - 14*r + 14. Let o be d(13). Determine h(o).
8
Let i(x) be the first derivative of -x**4/4 - 7*x**3/3 - 11*x**2/2 - 6*x + 159. Give i(-5).
-1
Let k(w) = -9*w + 1. Let x = -65 - -67. Give k(x).
-17
Let r(l) = -5*l**2 + l + 1. Let c(d) = -9*d**2 + 3*d + 1. Let q(y) = -6*c(y) + 11*r(y). Calculate q(-6).
11
Let d = 71 + -20. Let t(o) = o**2 - 51 + 105 + 2*o - d. Calculate t(3).
18
Let f = 2 + -1. Let t be ((-4)/(-6))/((-18)/(-81)). Let a(b) = -9*b - 7*b + 15*b + t - 2 + 3*b**2. Determine a(f).
3
Let h(m) = -5*m + 21 - m + 5*m - 19. Give h(8).
-6
Let t(k) = 23*k - 45. Let s(z) = 28*z - 46. Let l(y) = 5*s(y) - 6*t(y). What is l(-12)?
16
Let r(n) = -6*n - 2. Suppose 0 = 5*x - 5*y + 255, 2*x + 5*y = 4*x + 108. Let j be x/2 - 2/(-4). Let m = -26 - j. What is r(m)?
10
Let a(m) = 15*m + 2 - 7 + 2. Let i(k) = -7*k + 5 + 2*k - 4 + 0*k. Let w(n) = 2*a(n) + 7*i(n). Give w(-1).
6
Let b(q) be the third derivative of -q**4/6 + 9*q**3/2 - 417*q**2. Determine b(7).
-1
Suppose -4*k + 15 = -b, 0*b + 5*b + 21 = 2*k. Suppose -2 = -k*s + 28. Suppose 0 = -4*w - w - s. Let l(c) = -c**3 - 3*c**2 - 3*c - 1. Calculate l(w).
1
Suppose 2 = -l + 4*i - 3*i, -l + 2 = -3*i. Let k(p) = 7*p - 4. Let x(b) = 15*b - 9. Let z(g) = 9*k(g) - 4*x(g). Calculate z(l).
-12
Suppose -41*d + 40 = -31*d. Let l(g) = 2*g**2 - 7*g + 5. Determine l(d).
9
Let h(a) be the second derivative of -a**5/10 - a**4/3 - 7*a**3/6 - 2*a**2 - 708*a. Determine h(-3).
35
Let m(u) = 2*u**2 + 18*u - 9. Let o be m(-9). Let i(n) = 2*n - 3. Determine i(o).
-21
Let s(l) = 1. Let c(z) = z - 1. Let k(j) = c(j) + 5*s(j). Let a be (-40)/(-14) - (-3)/21. Suppose a*u - 4 + 16 = 0. What is k(u)?
0
Let m(y) be the first derivative of -4/3*y**3 - 3*y**2 - 49 - 4*y + 1/4*y**4. What is m(5)?
-9
Let x(f) = -5*f**3 + 9*f**2 - 9*f + 2. Let t(k) = -17*k - 9*k**3 + 58 + 58 - 113 + 17*k**2. Let r(p) = 6*t(p) - 11*x(p). What is r(-4)?
-8
Let x(z) = 3*z**3 + z**2 + 3*z + 2. Let n = -240 + 239. Give x(n).
-3
Let j(z) = -24*z**2 - 3 + 15*z**2 + 10*z**2 + 6*z. Give j(-10).
37
Let j(q) be the first derivative of 8 + 0*q + 14/3*q**3 + 1/2*q**2. Let g be (-5)/7 + (-2)/7. Determine j(g).
13
Let p(s) = -2*s**2 + 17*s - 2. Let z(j) = -3*j**2 + 18*j. Let i(x) = -4*p(x) + 3*z(x). Give i(-15).
-7
Let t(m) = -m**3 - 8*m**2 - 2*m + 3. Let f = 99 + -89. Let k = 2 - f. Determine t(k).
19
Let p be 4/6 + 52/12. Suppose p*u - 5 = -30. Let j(c) = -2*c + 3*c + 5 + 0*c. Determine j(u).
0
Let c(a) = -8*a**2 + a + 1. Suppose 5*p + 7 + 18 = 0. Suppose -v = -7*j + 2*j - 21, -5*v - 5*j = 15. Let r be v + p + 12/4. Give c(r).
-8
Let w be 4/26 - (-2835)/585. Let d(x) = -5*x**3 + x**2 + x. Let z(g) = g**3 + g**2 + 1. Let m(v) = d(v) + 4*z(v). Determine m(w).
9
Let w(x) = x + 2. Let b(g) = -6*g - 8. Let p(f) = -5*f - 7. Let k(u) = 4*b(u) - 5*p(u). Let v(n) = 2*k(n) - 3*w(n). Calculate v(2).
-2
Suppose 3 = -8*x - 1 - 28. Let d(t) = -t**3 + 2*t - 5*t**2 + 2 + t**2 + 0*t**2. Give d(x).
-6
Let s(r) = r**3 + 21*r**2 - r - 28. Suppose 0*g + y = 4*g + 79, -3*y = g + 36. Determine s(g).
-7
Suppose 0*y = -4*y - 8, -5*y - 46 = -2*a. Let c = 21 - a. Let v(g) = -g - g**2 - 6*g + 4*g - c + 4. What is v(-3)?
1
Let t(j) be the second derivative of 1/24*j**4 + 0 - 1/6*j**3 + 11/60*j**6 - 1/2*j**2 + 9*j - 1/60*j**5. Let q(u) be the first derivative of t(u). Give q(1).
21
Let m = -608 + 612. Let s(c) = -2*c**2 + 4*c + 3. Give s(m).
-13
Let j = -8 - -11. Suppose -1 = -2*v + j. Let f(d) be the second derivative of d**4/12 - 5*d**3/6 + d**2 - 7*d + 3. What is f(v)?
-4
Suppose -31*p = 9*p + 80. Let a(n) = -3*n**3 - 3*n**2 - 2*n. What is a(p)?
16
Let o(v) = v**3 + 2*v**2 - v - 2. Suppose -43